t common factor of 340 and 748?
68
Calculate the highest common divisor of 85 and 15.
5
Calculate the greatest common factor of 3 and 267.
3
What is the greatest common factor of 36 and 20712?
12
Calculate the highest common factor of 77 and 583.
11
Calculate the greatest common divisor of 808 and 303.
101
What is the highest common factor of 18 and 162?
18
Calculate the highest common factor of 299 and 39.
13
What is the highest common factor of 410 and 1?
1
Calculate the highest common factor of 28 and 40628.
28
What is the highest common divisor of 42944 and 8?
8
What is the greatest common factor of 2320 and 29?
29
Calculate the highest common divisor of 676 and 104.
52
What is the greatest common divisor of 136 and 200?
8
Calculate the greatest common divisor of 88 and 2816.
88
What is the highest common divisor of 5125 and 250?
125
Calculate the greatest common divisor of 681 and 13393.
227
Calculate the highest common factor of 1148 and 4264.
164
Calculate the greatest common factor of 56 and 960.
8
What is the greatest common factor of 552 and 207?
69
What is the greatest common divisor of 20 and 40?
20
Calculate the greatest common divisor of 14548 and 4.
4
Calculate the highest common factor of 81 and 1.
1
What is the highest common factor of 13333 and 398?
199
Calculate the greatest common divisor of 147 and 63.
21
Calculate the highest common divisor of 19 and 627.
19
What is the greatest common factor of 513 and 1558?
19
Calculate the highest common factor of 8160 and 32.
32
What is the highest common factor of 87 and 464?
29
What is the highest common divisor of 630 and 14?
14
What is the highest common factor of 20 and 310?
10
Calculate the greatest common factor of 752 and 16.
16
What is the highest common divisor of 627 and 1045?
209
Calculate the highest common divisor of 1376 and 64.
32
What is the greatest common divisor of 135 and 7335?
45
What is the greatest common divisor of 88 and 13948?
44
Calculate the highest common divisor of 1365 and 735.
105
Calculate the highest common divisor of 603 and 67.
67
What is the greatest common factor of 874 and 247?
19
What is the greatest common factor of 40 and 260?
20
What is the greatest common factor of 512 and 12?
4
Calculate the greatest common divisor of 12 and 636.
12
What is the greatest common divisor of 810 and 10?
10
Calculate the greatest common factor of 2989 and 61.
61
Calculate the greatest common factor of 198 and 264.
66
What is the greatest common factor of 15 and 20?
5
What is the greatest common divisor of 423 and 9?
9
What is the greatest common factor of 255 and 30?
15
Calculate the highest common divisor of 20 and 6520.
20
What is the highest common divisor of 1160 and 50?
10
Calculate the greatest common divisor of 370 and 320.
10
Calculate the highest common divisor of 221 and 153.
17
What is the highest common factor of 56 and 35?
7
What is the highest common factor of 33 and 14487?
33
Calculate the greatest common divisor of 126 and 11151.
63
What is the greatest common divisor of 10250 and 3690?
410
Calculate the greatest common factor of 79 and 26149.
79
What is the highest common divisor of 32 and 80?
16
What is the highest common divisor of 1551 and 99?
33
Calculate the highest common factor of 20 and 380.
20
Calculate the greatest common divisor of 990 and 90.
90
What is the highest common factor of 1067 and 5917?
97
Calculate the highest common divisor of 108 and 23031.
27
What is the greatest common divisor of 368 and 69?
23
What is the greatest common divisor of 46 and 16?
2
What is the greatest common factor of 545 and 5?
5
What is the greatest common factor of 17 and 2533?
17
What is the highest common factor of 95 and 133?
19
What is the highest common divisor of 8990 and 174?
58
Calculate the highest common divisor of 56 and 4102.
14
What is the greatest common divisor of 24307 and 218?
109
What is the highest common divisor of 224 and 96?
32
Calculate the highest common divisor of 63 and 207.
9
What is the highest common divisor of 402 and 750?
6
Calculate the highest common factor of 11 and 517.
11
Calculate the greatest common factor of 16 and 400.
16
What is the highest common divisor of 60 and 39?
3
Calculate the greatest common divisor of 10870 and 20.
10
What is the highest common divisor of 984 and 24?
24
Calculate the greatest common divisor of 141 and 47.
47
What is the greatest common divisor of 124 and 11563?
31
Calculate the greatest common divisor of 154 and 14.
14
What is the greatest common divisor of 6775 and 25?
25
Calculate the greatest common divisor of 14895 and 5.
5
Calculate the highest common divisor of 50856 and 13.
13
What is the greatest common divisor of 14 and 112?
14
Calculate the highest common divisor of 6877 and 39.
13
Calculate the greatest common factor of 156 and 2076.
12
What is the highest common divisor of 45 and 12?
3
Calculate the highest common divisor of 48 and 24.
24
What is the greatest common factor of 15 and 405?
15
What is the greatest common factor of 25 and 475?
25
Calculate the highest common factor of 45 and 72.
9
What is the greatest common factor of 561 and 66?
33
What is the greatest common divisor of 39 and 4667?
13
Calculate the highest common divisor of 21 and 511.
7
What is the greatest common factor of 36 and 12?
12
What is the highest common divisor of 128 and 544?
32
What is the greatest common divisor of 96 and 816?
48
What is the highest common divisor of 18904 and 136?
136
What is the greatest common factor of 177 and 9?
3
What is the highest common factor of 1755 and 390?
195
Calculate the highest common divisor of 23859 and 241.
241
What is the highest common factor of 99 and 2?
1
What is the greatest common divisor of 6 and 764?
2
What is the highest common factor of 989 and 301?
43
Calculate the greatest common factor of 39 and 832.
13
Calculate the highest common divisor of 13052 and 104.
52
Calculate the highest common factor of 22 and 198.
22
What is the greatest common factor of 2405 and 26?
13
What is the highest common divisor of 30 and 210?
30
What is the highest common factor of 84 and 2412?
12
What is the highest common divisor of 3640 and 35?
35
What is the greatest common divisor of 2397 and 564?
141
Calculate the highest common factor of 255 and 3672.
51
What is the highest common factor of 1152 and 976?
16
What is the highest common divisor of 1216 and 1976?
152
Calculate the greatest common divisor of 18 and 963.
9
What is the highest common factor of 1 and 83?
1
Calculate the greatest common factor of 74 and 7622.
74
Calculate the greatest common factor of 6 and 62.
2
What is the greatest common factor of 84 and 15918?
42
Calculate the greatest common factor of 37 and 24494.
37
What is the greatest common factor of 167 and 34?
1
Calculate the greatest common divisor of 44 and 869.
11
Calculate the greatest common divisor of 45 and 16275.
15
What is the highest common divisor of 666 and 18?
18
What is the highest common factor of 352 and 1441?
11
What is the highest common divisor of 19 and 94981?
19
What is the greatest common factor of 1092 and 28?
28
What is the greatest common divisor of 225 and 135?
45
Calculate the highest common factor of 588 and 1680.
84
Calculate the greatest common factor of 32 and 80.
16
Calculate the greatest common divisor of 1316 and 564.
188
Calculate the greatest common factor of 55 and 10.
5
What is the greatest common divisor of 224 and 3248?
112
Calculate the highest common divisor of 63 and 14.
7
Calculate the highest common factor of 24384 and 192.
192
What is the highest common factor of 450 and 360?
90
What is the highest common divisor of 50482 and 86?
86
Calculate the greatest common divisor of 4380 and 3723.
219
What is the highest common divisor of 13 and 3601?
13
Calculate the highest common divisor of 33 and 33.
33
What is the highest common divisor of 69 and 253?
23
What is the greatest common divisor of 90 and 5340?
30
What is the highest common divisor of 34 and 18173?
17
What is the highest common factor of 3 and 24?
3
Calculate the greatest common divisor of 18 and 2061.
9
What is the greatest common divisor of 237 and 1501?
79
What is the greatest common factor of 172 and 15050?
86
Calculate the greatest c